{"id":126,"date":"2024-06-01T15:45:38","date_gmt":"2024-06-01T15:45:38","guid":{"rendered":"https:\/\/fem-freiburg.de\/?page_id=126"},"modified":"2026-03-13T23:11:28","modified_gmt":"2026-03-13T22:11:28","slug":"aktuelles","status":"publish","type":"page","link":"https:\/\/fem-freiburg.de\/?page_id=126","title":{"rendered":"Aktuelles"},"content":{"rendered":"\n<h2 class=\"wp-block-heading\">Fahrtermine 2026<\/h2>\n\n\n\n<p class=\"has-custom-paragraph-color-color has-text-color has-link-color wp-elements-652c0bb1b215b0e94f5359eda326b7d8\">Unsere Fahrtermine f\u00fcr 2026 sind nun online:<\/p>\n\n\n\n<div class=\"wp-block-columns is-layout-flex wp-container-core-columns-is-layout-28f84493 wp-block-columns-is-layout-flex\">\n<div class=\"wp-block-column is-layout-flow wp-block-column-is-layout-flow\">\n<script src=\"https:\/\/static.elfsight.com\/platform\/platform.js\" async><\/script>\n<div class=\"elfsight-app-26c2d6de-3343-477b-9913-39067d340889\" data-elfsight-app-lazy><\/div>\n<\/div>\n\n\n\n<div class=\"wp-block-column is-layout-flow wp-block-column-is-layout-flow\">\n<h2 class=\"wp-block-heading\">Neue Fotos im Fotoalbum<\/h2>\n\n\n\n<p class=\"has-custom-paragraph-color-color has-text-color has-link-color wp-elements-ebf6de986d22bae9d21d16ae1445cea1\">Das Fotoalbum hat neues Fotos erhalten. Schau doch gerne mal rein.<\/p>\n\n\n\n<h2 class=\"wp-block-heading\">Schulung f\u00fcr Lokf\u00fchrer Minidampfbahn<\/h2>\n\n\n\n<p class=\"has-custom-paragraph-color-color has-text-color has-link-color wp-elements-6d2c76da76bb3cd7c8f10cdef8d5a142\">Wir bieten f\u00fcr unsere Mitglieder Schulungen f\u00fcr den Lokfahrdienst der Minidampfbahn an. Wer noch kein Mitglied ist, kann das noch gerne werden. N\u00e4heres dazu unter dem Button &#8220;Minidampfbahn&#8221; und &#8220;Mitglied werden&#8221;.<\/p>\n\n\n\n<h2 class=\"wp-block-heading\">Fahrtermine 2025<\/h2>\n\n\n\n<p class=\"has-custom-paragraph-color-color has-text-color has-link-color wp-elements-7439649481d4300eb45333628a1fe15b\">Aktuell sind unsere Fahrtermine f\u00fcr das Jahr 2025 noch in der Feinplanung. Sie werden in K\u00fcrze ver\u00f6ffentlicht (voraussichtlich Anfang Februar 2025).&nbsp;<\/p>\n\n\n\n<h2 class=\"wp-block-heading\">Neue Website ist online ab 23.01.2025!&nbsp;<\/h2>\n\n\n\n<p class=\"has-custom-paragraph-color-color has-text-color has-link-color wp-elements-b037c0e3f42fd3e5a71950e8a71170d4\">Wir freuen uns, euch unsere neue Website pr\u00e4sentieren zu k\u00f6nnen. Leider hatten wir interne Datenbankprobleme die dazu f\u00fchrten, dass die Homepage vor\u00fcbergehend nicht erreichbar war. Hierf\u00fcr m\u00f6chten wir um Entschuldigung bitten.<\/p>\n\n\n\n<p class=\"has-custom-paragraph-color-color has-text-color has-link-color wp-elements-dbe62613a02415bc4d113ad4ab044a5f\"> Hier findet Ihr nun alle wichtigen Informationen rund um unseren Verein. Weiter nat\u00fcrlich aktuelle Termine zu unseren Veranstaltungen. Ihr habt Feedback zu unserer neuen Seite? Dann schreibt uns gerne.&nbsp;<\/p>\n\n\n\n<p><\/p>\n<\/div>\n<\/div>\n\n\n\n<p><\/p>\n","protected":false},"excerpt":{"rendered":"<p>Fahrtermine 2026 Unsere Fahrtermine f\u00fcr 2026 sind nun online: Neue Fotos im Fotoalbum Das Fotoalbum hat neues Fotos erhalten. Schau doch gerne mal rein. Schulung f\u00fcr Lokf\u00fchrer Minidampfbahn Wir bieten f\u00fcr unsere Mitglieder Schulungen f\u00fcr den Lokfahrdienst der Minidampfbahn an. Wer noch kein Mitglied ist, kann das noch gerne werden. N\u00e4heres dazu unter dem Button [&hellip;]<\/p>\n","protected":false},"author":1,"featured_media":0,"parent":0,"menu_order":0,"comment_status":"closed","ping_status":"closed","template":"","meta":{"footnotes":""},"class_list":["post-126","page","type-page","status-publish","hentry"],"_links":{"self":[{"href":"https:\/\/fem-freiburg.de\/index.php?rest_route=\/wp\/v2\/pages\/126","targetHints":{"allow":["GET"]}}],"collection":[{"href":"https:\/\/fem-freiburg.de\/index.php?rest_route=\/wp\/v2\/pages"}],"about":[{"href":"https:\/\/fem-freiburg.de\/index.php?rest_route=\/wp\/v2\/types\/page"}],"author":[{"embeddable":true,"href":"https:\/\/fem-freiburg.de\/index.php?rest_route=\/wp\/v2\/users\/1"}],"replies":[{"embeddable":true,"href":"https:\/\/fem-freiburg.de\/index.php?rest_route=%2Fwp%2Fv2%2Fcomments&post=126"}],"version-history":[{"count":1,"href":"https:\/\/fem-freiburg.de\/index.php?rest_route=\/wp\/v2\/pages\/126\/revisions"}],"predecessor-version":[{"id":251,"href":"https:\/\/fem-freiburg.de\/index.php?rest_route=\/wp\/v2\/pages\/126\/revisions\/251"}],"wp:attachment":[{"href":"https:\/\/fem-freiburg.de\/index.php?rest_route=%2Fwp%2Fv2%2Fmedia&parent=126"}],"curies":[{"name":"wp","href":"https:\/\/api.w.org\/{rel}","templated":true}]}}